3
Let x(z) = -6*z**2 - 24*z - 8. Calculate x(-4).
-8
Let g(x) = x**3 - 7*x**2 - 6*x - 19. What is g(8)?
-3
Let m(x) = -x**2 - 7*x + 12. Calculate m(7).
-86
Let a(f) = f**2 + 20*f + 21. Calculate a(-10).
-79
Let z(p) = -p + 7. What is z(-8)?
15
Let x(u) = 16*u - 51. What is x(3)?
-3
Let h(i) = -i**3 + 18*i**2 - 18*i + 37. What is h(17)?
20
Let g(r) = -r**3 + 9*r**2 - 19*r + 96. Calculate g(8).
8
Let o(q) = 25*q - 1. What is o(1)?
24
Let l(t) = 2*t**2 - 33*t + 12. Calculate l(16).
-4
Let a(x) = 2*x**2 + 3*x. What is a(-5)?
35
Let z(n) = n**2 + 292*n - 1787. Determine z(6).
1
Let b(n) = -4*n + 8. Calculate b(-1).
12
Let z(l) = l**2 + 6*l + 1. What is z(-4)?
-7
Let q(x) = 16*x**2 + x. Give q(1).
17
Let u(f) = f**3 + 6*f**2 + 2*f - 8. Give u(-5).
7
Let d(s) = -6*s - 1. Give d(-1).
5
Let k(s) = s**3 - 6*s**2 + 6*s + 5. Calculate k(5).
10
Let k(i) = -i**3 - 2*i**2 + 2*i + 1. Calculate k(2).
-11
Let f(c) = -c**2 + 17*c + 7. What is f(16)?
23
Let n(h) = 3*h**2 + 20*h - 6. What is n(-7)?
1
Let m(j) = j**3 - 2*j**2 - 5*j - 4. Give m(3).
-10
Let i(r) = -r**3 - 5*r**2 - 4*r - 2. What is i(-4)?
-2
Let r(v) = -6*v**3 + v**2 + 2*v + 1. Determine r(-1).
6
Let p(l) = 2*l**2 + 34*l + 33. Determine p(-15).
-27
Let d(c) = -97*c + 874. Determine d(9).
1
Let i(q) = 114*q**2 + 8*q - 7. What is i(1)?
115
Let v(y) = -y**3 + 8*y**2 - 7*y - 38. Give v(6).
-8
Let j(g) = -g**2 - 10*g - 12. Determine j(-9).
-3
Let n(a) = -a**2 + 12*a + 120. Determine n(-6).
12
Let r(h) = 2*h**2 + 16*h + 18. Give r(-5).
-12
Let v(z) = 2*z + 23. What is v(-25)?
-27
Let h(r) = 4*r - 20. Determine h(3).
-8
Let l(u) = 9*u**2 + u - 3. Give l(2).
35
Let a(g) = -10*g - 42. What is a(-5)?
8
Let b(q) = q**2 + 16*q + 22. Calculate b(-12).
-26
Let b(g) = g**3 - 6*g**2 - 17*g - 10. Determine b(8).
-18
Let q(d) = -d**3 - 15*d**2 + 13*d + 2. Give q(-16).
50
Let f(b) = 2*b + 25. Give f(-8).
9
Let a(t) = -t**2 - 3*t - 10. What is a(0)?
-10
Let n(w) = -5*w + 8. What is n(-11)?
63
Let s(g) = -g + 4. Determine s(8).
-4
Let g(q) = q**2 + 4*q - 5. Give g(2).
7
Let b(d) = 2*d**2 - d - 3. Calculate b(-3).
18
Let z(x) = -x**3 - 5*x**2 + 3*x + 6. What is z(-4)?
-22
Let j(q) = 19*q - 132. Give j(10).
58
Let k(i) = i**3 - 5*i**2 + i - 4. Give k(5).
1
Let b(r) = r**3 - 18*r**2 + 46*r + 15. What is b(15)?
30
Let f(x) = -2*x**2 - 25*x - 14. Calculate f(-12).
-2
Let r(n) = n**2 - 13*n - 6. Give r(14).
8
Let n(y) = y**3 - y + 2. What is n(-2)?
-4
Let y(g) = g**3 + 16*g**2 - 38*g - 37. Calculate y(-18).
-1
Let j(x) = x**2 + 7*x - 28. Give j(-10).
2
Let i(o) = -4*o**2 + 2*o + 3. Give i(3).
-27
Let l(m) = -m**2 - 16*m. Give l(-3).
39
Let d(j) = j - 27. Determine d(0).
-27
Let x(j) = -2*j**2 + 6. Determine x(2).
-2
Let s(l) = 5*l**3 + 125*l**2 + 3*l + 62. Calculate s(-25).
-13
Let i(y) = 2*y**2 - 5*y. What is i(5)?
25
Let q(u) = -u**2 + 5*u - 11. Calculate q(5).
-11
Let u(i) = i**3 - 3*i**2 + 3*i - 2. Calculate u(5).
63
Let z(y) = -y**3 + 10*y**2 - 19*y - 1. What is z(7)?
13
Let x(u) = 44*u + 2. What is x(1)?
46
Let t(d) = -8*d - 1. Give t(1).
-9
Let r(b) = -2*b - 1. Give r(4).
-9
Let t(c) = -c**2 + 7*c - 18. Calculate t(8).
-26
Let k(y) = 3*y**2 - 9*y - 1. Give k(4).
11
Let n(l) = -7*l**2 + l. Give n(1).
-6
Let r(a) = a**2 - 7*a - 6. Determine r(7).
-6
Let s(v) = -v**3 + 2*v**2 + 17*v - 7. Give s(-4).
21
Let s(b) = b**3 - 7*b**2 + 6*b - 6. Calculate s(3).
-24
Let n(t) = -4*t**3 - t**2 - 5*t + 5. What is n(2)?
-41
Let x(u) = 3*u**2 + 38*u - 13. Determine x(-13).
0
Let y(t) = -t - 4. What is y(-3)?
-1
Let u(z) = z - 3. What is u(-11)?
-14
Let z(m) = m**3 + 9*m**2 - 41*m - 308. Give z(-10).
2
Let g(i) = i**2 + 9*i + 11. Calculate g(-8).
3
Let j(d) = -9*d + 25. Determine j(4).
-11
Let c(b) = b**2 - 7*b - 7. Calculate c(8).
1
Let p(m) = -m**3 - 13*m**2 - 4*m - 10. What is p(-13)?
42
Let w(u) = -3*u**2 - u + 2. Calculate w(-2).
-8
Let u(y) = -y**3 + 11*y**2 - 8*y - 12. Determine u(10).
8
Let h(t) = -6*t**3 - t - 2. Calculate h(-1).
5
Let w(x) = -2*x**2 + 58*x + 6. Determine w(29).
6
Let s(h) = -h - 23. What is s(-8)?
-15
Let j(p) = p + 20. Give j(-22).
-2
Let x(a) = -a - 9. Give x(-4).
-5
Let v(o) = o**3 + 6*o**2 + 9*o + 4. Calculate v(-5).
-16
Let b(z) = 2*z**2 - 55*z + 28. Determine b(27).
1
Let f(b) = -b**2 - b + 1. Give f(4).
-19
Let y(b) = -b + 36. Give y(0).
36
Let m(y) = -y**3 + y**2 - 5*y - 5. Calculate m(-2).
17
Let b(g) = 7*g + 60. Give b(-9).
-3
Let o(z) = -11*z**2 - 2*z - 4. Give o(-2).
-44
Let f(q) = 2*q + 14. Give f(-10).
-6
Let o(p) = 39*p - 188. Determine o(5).
7
Let s(r) = r**3 - 5*r**2 - 20*r + 37. Calculate s(7).
-5
Let k(l) = l**3 - 25*l**2 + l - 35. Give k(25).
-10
Let g(l) = -l**2 - 15*l - 48. Calculate g(-9).
6
Let j(f) = f**3 + 14*f**2 + 13*f - 6. Give j(-13).
-6
Let l(h) = -10*h + 251. Determine l(25).
1
Let h(x) = -x**3 + 4*x**2 - 10*x + 10. Determine h(2).
-2
Let i(w) = 2*w + 43. Determine i(-18).
7
Let w(g) = -8*g + 2. Give w(3).
-22
Let r(s) = -s + 17. Determine r(17).
0
Let q(d) = -d**3 - 7*d**2 - 8*d + 6. What is q(-5)?
-4
Let j(n) = 3*n + 93. Calculate j(-29).
6
Let o(n) = -4*n + 3. What is o(5)?
-17
Let v(s) = -2*s**2 + 93*s + 157. Determine v(48).
13
Let v(b) = -b**2 - 7*b - 8. Give v(-2).
2
Let y(v) = -v**2 - 38*v - 138. Calculate y(-34).
-2
Let m(w) = w**2 + 17*w - 55. Determine m(-20).
5
Let n(a) = -a**2 - 15*a + 1. What is n(-12)?
37
Let w(o) = -o**3 - 23*o**2 - 124*o - 44. Give w(-15).
16
Let s(q) = q**2 + 16*q - 44. Determine s(-18).
-8
Let j(d) = -d + 9. Give j(-6).
15
Let q(y) = -y**2 + 8*y - 6. Give q(7).
1
Let h(o) = o**3 - 22*o**2 + 58*o - 21. Determine h(19).
-2
Let u(a) = -2*a**2 - 12*a - 6. Calculate u(-7).
-20
Let m(t) = -t**3 + 9*t**2 - t + 10. What is m(9)?
1
Let t(v) = 2*v**2 + 4*v + 2. Determine t(-3).
8
Let w(u) = u**2 - 7*u - 7. Calculate w(6).
-13
Let y(j) = -2*j**3 - 3*j**2 + 3*j + 2. Calculate y(-3).
20
Let y(t) = -4*t**2 + 54*t + 55. What is y(-1)?
-3
Let t(o) = -o**3 - 9*o**2 - 2*o - 14. Calculate t(-9).
4
Let h(w) = -w + 33. Give h(0).
33
Let u(l) = -73*l - 7. Determine u(0).
-7
Let q(u) = -54*u + 71. Calculate q(2).
-37
Let s(c) = -c + 26. Give s(19).
7
Let k(u) = u**2 - 13*u + 4. Calculate k(9).
-32
Let l(f) = -2*f**2 - 13*f. What is l(-9)?
-45
Let i(k) = k**3 + 4*k**2 + k - 8. Calculate i(-4).
-12
Let x(c) = c - 2. Calculate x(-9).
-11
Let m(w) = -4*w - 12. Calculate m(-3).
0
Let q(c) = c - 6. What is q(3)?
-3
Let f(m) = -4*m + 15. Calculate f(6).
-9
Let r(o) = 8*o**3 + o**2 + 3*o + 2. Give r(-1).
-8
Let i(a) = -63*a - 670. Give i(-11).
23
Let r(s) = -3*s + 65. Determine r(22).
-1
Let h(q) = -2*q + 3. What is h(1)?
1
Let k(a) = -3*a**2 - 5*a - 6. What is k(-2)?
-8
Let d(i) = -27*i - 155. Calculate d(-6).
7
Let y(c) = -c**3 - 9*c**2 - 19*c - 83. What is y(-8)?
5
Let m(j) = -j**3 + 3*j**2 - 2*j - 3. Give m(2).
-3
Let z(i) = 13*i - 71. Give z(8).
33
Let c(q) = 4*q - 10. Calculate c(20).
70
Let d(y) = -22*y - 186. Determine d(-9).
12
Let j(y) = -y**2 - 25*y + 76. Determine j(3).
-8
Let x(n) = 18*n**3 - n + 1. Calculate x(-1).
-16
Let z(a) = -60*a**3 - a**2 - 3*a - 2. Determine z(-1).
60
Let g(a) = a**3 - 12*a**2 + a - 9. Give g(12).
3
Let n(v) = 9*v + 34. Calculate n(-7).
-29
Let m(j) = 26*j**2 + 4*j + 5. Give m(-1).
27
Let a(y) = -y**2 - 10*y - 10. Give a(-8).
6
Let p(y) = 13*y - 34. Determine p(-6).
-112
Let o(v) = 5*v**2 - 75*v + 6. Calculate o(15).
6
Let n(j) = j**3 - 19*j**2 + 37*j - 65. Determine n(17).
-14
Let v(q) = -24*q + 2. Determine v(1).
-22
Let z(x) = x**3 + 13*x**2 - 140*x - 11. Calculate z(7).
-11
Let f(t) = -t**3 + 8*t**2 + 9*t - 1. Determine f(9).
-1
Let x(p) = p**2 - 8*p + 1. Calculate x(8).
1
Let q(v) = v**3 + 8*v**2 + 2*v - 3. Calculate q(-6).
57
Let t(v) = v**2 - 21*v + 101. Determine t(9).
-7
Let c(y) = -y**3 - 23*y**2 - 113*y - 6. What is c(-16)?
10
Let u(o) = o**3 + 6*o**2 - 58*o - 18. Give u(-11).
15
Let f(s) = -69*s - 419. Determine f(-6).
-5
Let o(f) = f**2 - 37*f + 57. Give o(36).
21
Let t(d) = -3*d**2 + 112*d - 33. Give t(37).
4
Let w(u) = 16*u + 42. Calculate w(-2).
10
Let a(z) = -6*z - 15. Give a(-3).
3
Let y(c) = 4*c**2 + 30*c - 4. Calculate y(-8).
12
Let u(m) = 4*m + 5. What is u(-7)?
-23
Let m(s) = -s**2 - 12*s - 18. Give m(-10).
2
Let k(h) = 2*h**2 + 61*h + 185. What is k(-27)?
-4
Let o(y) = y**2 + 8*y + 2. Give o(-7).
-5
Let p(w) =